{"id":3988,"date":"2022-04-08T10:29:59","date_gmt":"2022-04-08T08:29:59","guid":{"rendered":"https:\/\/lesgribouillisdarthur.fr\/?post_type=product&#038;p=3988"},"modified":"2024-10-04T10:54:24","modified_gmt":"2024-10-04T08:54:24","slug":"etiquette-de-bouteille-marraine-personnalisee","status":"publish","type":"product","link":"https:\/\/lesgribouillisdarthur.fr\/index.php\/produit\/etiquette-de-bouteille-marraine-personnalisee\/","title":{"rendered":"\u00c9tiquettes personnalisable \u00ab\u00a0Veux tu \u00eatre ma marraine\u00a0\u00bb"},"content":{"rendered":"<div>\n<p><strong>\u00c9tiquette de bouteille \u201cVeux tu \u00eatre ma marraine\u201d personnalis\u00e9e<\/strong><\/p>\n<p>Ce n\u2019est pas un jour comme les autres ! F\u00eatez votre demande de marraine avec une cuv\u00e9e m\u00e9morable \u00e9tiquet\u00e9e avec une \u00e9tiquette de bouteille unique. Les \u00e9tiquettes de bouteille personnalis\u00e9es peuvent s\u2019adapter sur des bouteilles de vin ou de bi\u00e8re suivant les go\u00fbts du destinataire. Les \u00e9tiquettes de bouteille Marraine sont personnalis\u00e9es avec le pr\u00e9nom de l\u2019enfant et sa date de naissance, elles sera un beau souvenir de ce moment mill\u00e9sim\u00e9 !<\/p>\n<\/div>\n<div>POUR BOUTEILLE DE VIN<\/div>\n<div>Format : 15\u00d710 cm<\/div>\n<div><\/div>\n<div>POUR BOUTEILLE DE BIERE<\/div>\n<div>Format : 13\u00d78.5 cm<\/div>\n<div>\n<div><\/div>\n<div>Imprim\u00e9e sur un papier haut de gamme adh\u00e9sif r\u00e9sistant \u00e0 l\u2019eau.<\/div>\n<div>Attention les couleurs peuvent varier de l\u2019\u00e9cran au papier !<\/div>\n<\/div>\n<div>N\u2019h\u00e9sitez pas \u00e0 me contacter pour toutes questions ou demande de personnalisation<\/div>\n<div>Cet article \u00e9tant personnalis\u00e9, il est non remboursable.<\/div>\n<div><\/div>\n<div>Pour plus d\u2019id\u00e9es\u00a0<a href=\"https:\/\/lesgribouillisdarthur.fr\/index.php\/categorie-produit\/cartes\/cartes-a-planter-carte-a-semer-papier-ensemence\/occasions-diverses\/parrain-marraine\/\" target=\"_blank\" rel=\"noopener\">cliquez ici<\/a><\/div>\n<div>\n<p>Je suis \u00e9galement sur les r\u00e9seaux alors suivez moi :<br \/>\n\u2022 Facebook :\u00a0<a href=\"https:\/\/www.facebook.com\/lesgribouillisdarthur\" target=\"_blank\" rel=\"noopener\">@LesgribouillisdArthur<\/a><br \/>\n\u2022 Instagram :\u00a0<a href=\"https:\/\/instagram.com\/lesgribouillisdarthur?igshid=YmMyMTA2M2Y\" target=\"_blank\" rel=\"noopener\">@LesGribouillisd\u2019Arthur<\/a><\/p>\n<p>\u00a9 Les gribouillis d\u2019Arthur \u2013 Tous droits de reproduction interdits.<\/p>\n<\/div>\n","protected":false},"excerpt":{"rendered":"<p><strong>Etiquette de bouteille personnalis\u00e9e \u201cVeux tu \u00eatre ma marraine\u201d<\/strong><\/p>\n<p>Faites de votre demande de marraine un moment m\u00e9morable et plein d\u2019\u00e9motion avec notre \u00c9tiquette de Bouteille Personnalisable. Cette \u00e9tiquette sp\u00e9ciale est con\u00e7ue pour cr\u00e9er un souvenir pr\u00e9cieux et inviter la personne ch\u00e8re \u00e0 devenir la marraine de votre enfant d\u2019une mani\u00e8re unique et personnelle.<\/p>\n","protected":false},"featured_media":3991,"comment_status":"open","ping_status":"closed","template":"","meta":{"_uag_custom_page_level_css":"","_monsterinsights_skip_tracking":false,"_monsterinsights_sitenote_active":false,"_monsterinsights_sitenote_note":"","_monsterinsights_sitenote_category":0,"site-sidebar-layout":"default","site-content-layout":"default","ast-site-content-layout":"default","site-content-style":"default","site-sidebar-style":"default","ast-global-header-display":"","ast-banner-title-visibility":"","ast-main-header-display":"","ast-hfb-above-header-display":"","ast-hfb-below-header-display":"","ast-hfb-mobile-header-display":"","site-post-title":"","ast-breadcrumbs-content":"","ast-featured-img":"","footer-sml-layout":"","theme-transparent-header-meta":"default","adv-header-id-meta":"","stick-header-meta":"","header-above-stick-meta":"","header-main-stick-meta":"","header-below-stick-meta":"","astra-migrate-meta-layouts":"set","ast-page-background-enabled":"default","ast-page-background-meta":{"desktop":{"background-color":"","background-image":"","background-repeat":"repeat","background-position":"center center","background-size":"auto","background-attachment":"scroll","background-type":"","background-media":"","overlay-type":"","overlay-color":"","overlay-opacity":"","overlay-gradient":""},"tablet":{"background-color":"","background-image":"","background-repeat":"repeat","background-position":"center center","background-size":"auto","background-attachment":"scroll","background-type":"","background-media":"","overlay-type":"","overlay-color":"","overlay-opacity":"","overlay-gradient":""},"mobile":{"background-color":"","background-image":"","background-repeat":"repeat","background-position":"center center","background-size":"auto","background-attachment":"scroll","background-type":"","background-media":"","overlay-type":"","overlay-color":"","overlay-opacity":"","overlay-gradient":""}},"ast-content-background-meta":{"desktop":{"background-color":"var(--ast-global-color-5)","background-image":"","background-repeat":"repeat","background-position":"center center","background-size":"auto","background-attachment":"scroll","background-type":"","background-media":"","overlay-type":"","overlay-color":"","overlay-opacity":"","overlay-gradient":""},"tablet":{"background-color":"var(--ast-global-color-5)","background-image":"","background-repeat":"repeat","background-position":"center center","background-size":"auto","background-attachment":"scroll","background-type":"","background-media":"","overlay-type":"","overlay-color":"","overlay-opacity":"","overlay-gradient":""},"mobile":{"background-color":"var(--ast-global-color-5)","background-image":"","background-repeat":"repeat","background-position":"center center","background-size":"auto","background-attachment":"scroll","background-type":"","background-media":"","overlay-type":"","overlay-color":"","overlay-opacity":"","overlay-gradient":""}},"_themeisle_gutenberg_block_has_review":false},"product_brand":[],"product_cat":[88],"product_tag":[],"class_list":{"0":"post-3988","1":"product","2":"type-product","3":"status-publish","4":"has-post-thumbnail","6":"product_cat-parrain-marraine","7":"product_shipping_class-produits-volumineux","8":"desktop-align-center","9":"tablet-align-left","10":"mobile-align-left","11":"wcpa_has_options","13":"first","14":"instock","15":"taxable","16":"shipping-taxable","17":"purchasable","18":"product-type-variable"},"yoast_head":"<!-- This site is optimized with the Yoast SEO plugin v27.4 - https:\/\/yoast.com\/product\/yoast-seo-wordpress\/ -->\n<title>\u00c9tiquettes personnalisable &quot;Veux tu \u00eatre ma marraine&quot; - Les Gribouillis d&#039;Arthur<\/title>\n<meta name=\"description\" content=\"F\u00eatez votre demande de marraine avec une cuv\u00e9e m\u00e9morable \u00e9tiquet\u00e9e avec une \u00e9tiquette de bouteille marraine personnalis\u00e9e.\" \/>\n<meta name=\"robots\" content=\"index, follow, max-snippet:-1, max-image-preview:large, max-video-preview:-1\" \/>\n<link rel=\"canonical\" href=\"https:\/\/lesgribouillisdarthur.fr\/index.php\/produit\/etiquette-de-bouteille-marraine-personnalisee\/\" \/>\n<meta property=\"og:locale\" content=\"fr_FR\" \/>\n<meta property=\"og:type\" content=\"article\" \/>\n<meta property=\"og:title\" content=\"\u00c9tiquettes personnalisable &quot;Veux tu \u00eatre ma marraine&quot; - Les Gribouillis d&#039;Arthur\" \/>\n<meta property=\"og:description\" content=\"F\u00eatez votre demande de marraine avec une cuv\u00e9e m\u00e9morable \u00e9tiquet\u00e9e avec une \u00e9tiquette de bouteille marraine personnalis\u00e9e.\" \/>\n<meta property=\"og:url\" content=\"https:\/\/lesgribouillisdarthur.fr\/index.php\/produit\/etiquette-de-bouteille-marraine-personnalisee\/\" \/>\n<meta property=\"og:site_name\" content=\"Les Gribouillis d&#039;Arthur\" \/>\n<meta property=\"article:publisher\" content=\"https:\/\/www.facebook.com\/lesgribouillisdarthur\" \/>\n<meta property=\"article:modified_time\" content=\"2024-10-04T08:54:24+00:00\" \/>\n<meta property=\"og:image\" content=\"https:\/\/lesgribouillisdarthur.fr\/wp-content\/uploads\/2022\/04\/LesGribouillisdArthurEtiquetteMarrainepersonnalisee-scaled.jpg\" \/>\n\t<meta property=\"og:image:width\" content=\"2560\" \/>\n\t<meta property=\"og:image:height\" content=\"2011\" \/>\n\t<meta property=\"og:image:type\" content=\"image\/jpeg\" \/>\n<meta name=\"twitter:card\" content=\"summary_large_image\" \/>\n<meta name=\"twitter:label1\" content=\"Dur\u00e9e de lecture estim\u00e9e\" \/>\n\t<meta name=\"twitter:data1\" content=\"1 minute\" \/>\n<script type=\"application\/ld+json\" class=\"yoast-schema-graph\">{\"@context\":\"https:\\\/\\\/schema.org\",\"@graph\":[{\"@type\":\"WebPage\",\"@id\":\"https:\\\/\\\/lesgribouillisdarthur.fr\\\/index.php\\\/produit\\\/etiquette-de-bouteille-marraine-personnalisee\\\/\",\"url\":\"https:\\\/\\\/lesgribouillisdarthur.fr\\\/index.php\\\/produit\\\/etiquette-de-bouteille-marraine-personnalisee\\\/\",\"name\":\"\u00c9tiquettes personnalisable \\\"Veux tu \u00eatre ma marraine\\\" - Les Gribouillis d&#039;Arthur\",\"isPartOf\":{\"@id\":\"https:\\\/\\\/lesgribouillisdarthur.fr\\\/#website\"},\"primaryImageOfPage\":{\"@id\":\"https:\\\/\\\/lesgribouillisdarthur.fr\\\/index.php\\\/produit\\\/etiquette-de-bouteille-marraine-personnalisee\\\/#primaryimage\"},\"image\":{\"@id\":\"https:\\\/\\\/lesgribouillisdarthur.fr\\\/index.php\\\/produit\\\/etiquette-de-bouteille-marraine-personnalisee\\\/#primaryimage\"},\"thumbnailUrl\":\"https:\\\/\\\/lesgribouillisdarthur.fr\\\/wp-content\\\/uploads\\\/2022\\\/04\\\/LesGribouillisdArthurEtiquetteMarrainepersonnalisee-scaled.jpg\",\"datePublished\":\"2022-04-08T08:29:59+00:00\",\"dateModified\":\"2024-10-04T08:54:24+00:00\",\"description\":\"F\u00eatez votre demande de marraine avec une cuv\u00e9e m\u00e9morable \u00e9tiquet\u00e9e avec une \u00e9tiquette de bouteille marraine personnalis\u00e9e.\",\"breadcrumb\":{\"@id\":\"https:\\\/\\\/lesgribouillisdarthur.fr\\\/index.php\\\/produit\\\/etiquette-de-bouteille-marraine-personnalisee\\\/#breadcrumb\"},\"inLanguage\":\"fr-FR\",\"potentialAction\":[{\"@type\":\"ReadAction\",\"target\":[\"https:\\\/\\\/lesgribouillisdarthur.fr\\\/index.php\\\/produit\\\/etiquette-de-bouteille-marraine-personnalisee\\\/\"]}]},{\"@type\":\"ImageObject\",\"inLanguage\":\"fr-FR\",\"@id\":\"https:\\\/\\\/lesgribouillisdarthur.fr\\\/index.php\\\/produit\\\/etiquette-de-bouteille-marraine-personnalisee\\\/#primaryimage\",\"url\":\"https:\\\/\\\/lesgribouillisdarthur.fr\\\/wp-content\\\/uploads\\\/2022\\\/04\\\/LesGribouillisdArthurEtiquetteMarrainepersonnalisee-scaled.jpg\",\"contentUrl\":\"https:\\\/\\\/lesgribouillisdarthur.fr\\\/wp-content\\\/uploads\\\/2022\\\/04\\\/LesGribouillisdArthurEtiquetteMarrainepersonnalisee-scaled.jpg\",\"width\":2560,\"height\":2011,\"caption\":\"F\u00eatez votre demande de marraine avec une cuv\u00e9e m\u00e9morable \u00e9tiquet\u00e9e avec une \u00e9tiquette de bouteille marraine personnalis\u00e9e.\"},{\"@type\":\"BreadcrumbList\",\"@id\":\"https:\\\/\\\/lesgribouillisdarthur.fr\\\/index.php\\\/produit\\\/etiquette-de-bouteille-marraine-personnalisee\\\/#breadcrumb\",\"itemListElement\":[{\"@type\":\"ListItem\",\"position\":1,\"name\":\"Accueil\",\"item\":\"https:\\\/\\\/lesgribouillisdarthur.fr\\\/\"},{\"@type\":\"ListItem\",\"position\":2,\"name\":\"La boutique\",\"item\":\"https:\\\/\\\/lesgribouillisdarthur.fr\\\/?page_id=6553\"},{\"@type\":\"ListItem\",\"position\":3,\"name\":\"\u00c9tiquettes personnalisable &#8220;Veux tu \u00eatre ma marraine&#8221;\"}]},{\"@type\":\"WebSite\",\"@id\":\"https:\\\/\\\/lesgribouillisdarthur.fr\\\/#website\",\"url\":\"https:\\\/\\\/lesgribouillisdarthur.fr\\\/\",\"name\":\"Les Gribouillis d&#039;Arthur\",\"description\":\"Les Gribouillis d&#039;Arthur, cadeaux personnalis\u00e9s pour toute la famille\",\"publisher\":{\"@id\":\"https:\\\/\\\/lesgribouillisdarthur.fr\\\/#organization\"},\"potentialAction\":[{\"@type\":\"SearchAction\",\"target\":{\"@type\":\"EntryPoint\",\"urlTemplate\":\"https:\\\/\\\/lesgribouillisdarthur.fr\\\/?s={search_term_string}\"},\"query-input\":{\"@type\":\"PropertyValueSpecification\",\"valueRequired\":true,\"valueName\":\"search_term_string\"}}],\"inLanguage\":\"fr-FR\"},{\"@type\":\"Organization\",\"@id\":\"https:\\\/\\\/lesgribouillisdarthur.fr\\\/#organization\",\"name\":\"Les Gribouillis d&#039;Arthur\",\"url\":\"https:\\\/\\\/lesgribouillisdarthur.fr\\\/\",\"logo\":{\"@type\":\"ImageObject\",\"inLanguage\":\"fr-FR\",\"@id\":\"https:\\\/\\\/lesgribouillisdarthur.fr\\\/#\\\/schema\\\/logo\\\/image\\\/\",\"url\":\"https:\\\/\\\/lesgribouillisdarthur.fr\\\/wp-content\\\/uploads\\\/2022\\\/10\\\/cropped-cropped-cropped-cropped-cropped-cropped-logo-bleu-1.png\",\"contentUrl\":\"https:\\\/\\\/lesgribouillisdarthur.fr\\\/wp-content\\\/uploads\\\/2022\\\/10\\\/cropped-cropped-cropped-cropped-cropped-cropped-logo-bleu-1.png\",\"width\":254,\"height\":53,\"caption\":\"Les Gribouillis d&#039;Arthur\"},\"image\":{\"@id\":\"https:\\\/\\\/lesgribouillisdarthur.fr\\\/#\\\/schema\\\/logo\\\/image\\\/\"},\"sameAs\":[\"https:\\\/\\\/www.facebook.com\\\/lesgribouillisdarthur\",\"https:\\\/\\\/www.instagram.com\\\/lesgribouillisdarthur\\\/?hl=fr\"]}]}<\/script>\n<!-- \/ Yoast SEO plugin. -->","yoast_head_json":{"title":"\u00c9tiquettes personnalisable \"Veux tu \u00eatre ma marraine\" - Les Gribouillis d&#039;Arthur","description":"F\u00eatez votre demande de marraine avec une cuv\u00e9e m\u00e9morable \u00e9tiquet\u00e9e avec une \u00e9tiquette de bouteille marraine personnalis\u00e9e.","robots":{"index":"index","follow":"follow","max-snippet":"max-snippet:-1","max-image-preview":"max-image-preview:large","max-video-preview":"max-video-preview:-1"},"canonical":"https:\/\/lesgribouillisdarthur.fr\/index.php\/produit\/etiquette-de-bouteille-marraine-personnalisee\/","og_locale":"fr_FR","og_type":"article","og_title":"\u00c9tiquettes personnalisable \"Veux tu \u00eatre ma marraine\" - Les Gribouillis d&#039;Arthur","og_description":"F\u00eatez votre demande de marraine avec une cuv\u00e9e m\u00e9morable \u00e9tiquet\u00e9e avec une \u00e9tiquette de bouteille marraine personnalis\u00e9e.","og_url":"https:\/\/lesgribouillisdarthur.fr\/index.php\/produit\/etiquette-de-bouteille-marraine-personnalisee\/","og_site_name":"Les Gribouillis d&#039;Arthur","article_publisher":"https:\/\/www.facebook.com\/lesgribouillisdarthur","article_modified_time":"2024-10-04T08:54:24+00:00","og_image":[{"width":2560,"height":2011,"url":"https:\/\/lesgribouillisdarthur.fr\/wp-content\/uploads\/2022\/04\/LesGribouillisdArthurEtiquetteMarrainepersonnalisee-scaled.jpg","type":"image\/jpeg"}],"twitter_card":"summary_large_image","twitter_misc":{"Dur\u00e9e de lecture estim\u00e9e":"1 minute"},"schema":{"@context":"https:\/\/schema.org","@graph":[{"@type":"WebPage","@id":"https:\/\/lesgribouillisdarthur.fr\/index.php\/produit\/etiquette-de-bouteille-marraine-personnalisee\/","url":"https:\/\/lesgribouillisdarthur.fr\/index.php\/produit\/etiquette-de-bouteille-marraine-personnalisee\/","name":"\u00c9tiquettes personnalisable \"Veux tu \u00eatre ma marraine\" - Les Gribouillis d&#039;Arthur","isPartOf":{"@id":"https:\/\/lesgribouillisdarthur.fr\/#website"},"primaryImageOfPage":{"@id":"https:\/\/lesgribouillisdarthur.fr\/index.php\/produit\/etiquette-de-bouteille-marraine-personnalisee\/#primaryimage"},"image":{"@id":"https:\/\/lesgribouillisdarthur.fr\/index.php\/produit\/etiquette-de-bouteille-marraine-personnalisee\/#primaryimage"},"thumbnailUrl":"https:\/\/lesgribouillisdarthur.fr\/wp-content\/uploads\/2022\/04\/LesGribouillisdArthurEtiquetteMarrainepersonnalisee-scaled.jpg","datePublished":"2022-04-08T08:29:59+00:00","dateModified":"2024-10-04T08:54:24+00:00","description":"F\u00eatez votre demande de marraine avec une cuv\u00e9e m\u00e9morable \u00e9tiquet\u00e9e avec une \u00e9tiquette de bouteille marraine personnalis\u00e9e.","breadcrumb":{"@id":"https:\/\/lesgribouillisdarthur.fr\/index.php\/produit\/etiquette-de-bouteille-marraine-personnalisee\/#breadcrumb"},"inLanguage":"fr-FR","potentialAction":[{"@type":"ReadAction","target":["https:\/\/lesgribouillisdarthur.fr\/index.php\/produit\/etiquette-de-bouteille-marraine-personnalisee\/"]}]},{"@type":"ImageObject","inLanguage":"fr-FR","@id":"https:\/\/lesgribouillisdarthur.fr\/index.php\/produit\/etiquette-de-bouteille-marraine-personnalisee\/#primaryimage","url":"https:\/\/lesgribouillisdarthur.fr\/wp-content\/uploads\/2022\/04\/LesGribouillisdArthurEtiquetteMarrainepersonnalisee-scaled.jpg","contentUrl":"https:\/\/lesgribouillisdarthur.fr\/wp-content\/uploads\/2022\/04\/LesGribouillisdArthurEtiquetteMarrainepersonnalisee-scaled.jpg","width":2560,"height":2011,"caption":"F\u00eatez votre demande de marraine avec une cuv\u00e9e m\u00e9morable \u00e9tiquet\u00e9e avec une \u00e9tiquette de bouteille marraine personnalis\u00e9e."},{"@type":"BreadcrumbList","@id":"https:\/\/lesgribouillisdarthur.fr\/index.php\/produit\/etiquette-de-bouteille-marraine-personnalisee\/#breadcrumb","itemListElement":[{"@type":"ListItem","position":1,"name":"Accueil","item":"https:\/\/lesgribouillisdarthur.fr\/"},{"@type":"ListItem","position":2,"name":"La boutique","item":"https:\/\/lesgribouillisdarthur.fr\/?page_id=6553"},{"@type":"ListItem","position":3,"name":"\u00c9tiquettes personnalisable &#8220;Veux tu \u00eatre ma marraine&#8221;"}]},{"@type":"WebSite","@id":"https:\/\/lesgribouillisdarthur.fr\/#website","url":"https:\/\/lesgribouillisdarthur.fr\/","name":"Les Gribouillis d&#039;Arthur","description":"Les Gribouillis d&#039;Arthur, cadeaux personnalis\u00e9s pour toute la famille","publisher":{"@id":"https:\/\/lesgribouillisdarthur.fr\/#organization"},"potentialAction":[{"@type":"SearchAction","target":{"@type":"EntryPoint","urlTemplate":"https:\/\/lesgribouillisdarthur.fr\/?s={search_term_string}"},"query-input":{"@type":"PropertyValueSpecification","valueRequired":true,"valueName":"search_term_string"}}],"inLanguage":"fr-FR"},{"@type":"Organization","@id":"https:\/\/lesgribouillisdarthur.fr\/#organization","name":"Les Gribouillis d&#039;Arthur","url":"https:\/\/lesgribouillisdarthur.fr\/","logo":{"@type":"ImageObject","inLanguage":"fr-FR","@id":"https:\/\/lesgribouillisdarthur.fr\/#\/schema\/logo\/image\/","url":"https:\/\/lesgribouillisdarthur.fr\/wp-content\/uploads\/2022\/10\/cropped-cropped-cropped-cropped-cropped-cropped-logo-bleu-1.png","contentUrl":"https:\/\/lesgribouillisdarthur.fr\/wp-content\/uploads\/2022\/10\/cropped-cropped-cropped-cropped-cropped-cropped-logo-bleu-1.png","width":254,"height":53,"caption":"Les Gribouillis d&#039;Arthur"},"image":{"@id":"https:\/\/lesgribouillisdarthur.fr\/#\/schema\/logo\/image\/"},"sameAs":["https:\/\/www.facebook.com\/lesgribouillisdarthur","https:\/\/www.instagram.com\/lesgribouillisdarthur\/?hl=fr"]}]}},"uagb_featured_image_src":{"full":["https:\/\/lesgribouillisdarthur.fr\/wp-content\/uploads\/2022\/04\/LesGribouillisdArthurEtiquetteMarrainepersonnalisee-scaled.jpg",2560,2011,false],"thumbnail":["https:\/\/lesgribouillisdarthur.fr\/wp-content\/uploads\/2022\/04\/LesGribouillisdArthurEtiquetteMarrainepersonnalisee-150x150.jpg",150,150,true],"medium":["https:\/\/lesgribouillisdarthur.fr\/wp-content\/uploads\/2022\/04\/LesGribouillisdArthurEtiquetteMarrainepersonnalisee-300x236.jpg",300,236,true],"medium_large":["https:\/\/lesgribouillisdarthur.fr\/wp-content\/uploads\/2022\/04\/LesGribouillisdArthurEtiquetteMarrainepersonnalisee-768x603.jpg",768,603,true],"large":["https:\/\/lesgribouillisdarthur.fr\/wp-content\/uploads\/2022\/04\/LesGribouillisdArthurEtiquetteMarrainepersonnalisee-1024x805.jpg",300,236,true],"1536x1536":["https:\/\/lesgribouillisdarthur.fr\/wp-content\/uploads\/2022\/04\/LesGribouillisdArthurEtiquetteMarrainepersonnalisee-1536x1207.jpg",1536,1207,true],"2048x2048":["https:\/\/lesgribouillisdarthur.fr\/wp-content\/uploads\/2022\/04\/LesGribouillisdArthurEtiquetteMarrainepersonnalisee-2048x1609.jpg",2048,1609,true],"woocommerce_thumbnail":["https:\/\/lesgribouillisdarthur.fr\/wp-content\/uploads\/2022\/04\/LesGribouillisdArthurEtiquetteMarrainepersonnalisee-scaled-1200x1200.jpg",1200,1200,true],"woocommerce_single":["https:\/\/lesgribouillisdarthur.fr\/wp-content\/uploads\/2022\/04\/LesGribouillisdArthurEtiquetteMarrainepersonnalisee-scaled-1200x943.jpg",1200,943,true],"woocommerce_gallery_thumbnail":["https:\/\/lesgribouillisdarthur.fr\/wp-content\/uploads\/2022\/04\/LesGribouillisdArthurEtiquetteMarrainepersonnalisee-scaled-100x100.jpg",100,100,true]},"uagb_author_info":{"display_name":"admin7680","author_link":"https:\/\/lesgribouillisdarthur.fr\/index.php\/author\/"},"uagb_comment_info":0,"uagb_excerpt":"Etiquette de bouteille personnalis\u00e9e \u201cVeux tu \u00eatre ma marraine\u201d Faites de votre demande de marraine un moment m\u00e9morable et plein d\u2019\u00e9motion avec notre \u00c9tiquette de Bouteille Personnalisable. Cette \u00e9tiquette sp\u00e9ciale est con\u00e7ue pour cr\u00e9er un souvenir pr\u00e9cieux et inviter la personne ch\u00e8re \u00e0 devenir la marraine de votre enfant d\u2019une mani\u00e8re unique et personnelle.","_links":{"self":[{"href":"https:\/\/lesgribouillisdarthur.fr\/index.php\/wp-json\/wp\/v2\/product\/3988","targetHints":{"allow":["GET"]}}],"collection":[{"href":"https:\/\/lesgribouillisdarthur.fr\/index.php\/wp-json\/wp\/v2\/product"}],"about":[{"href":"https:\/\/lesgribouillisdarthur.fr\/index.php\/wp-json\/wp\/v2\/types\/product"}],"replies":[{"embeddable":true,"href":"https:\/\/lesgribouillisdarthur.fr\/index.php\/wp-json\/wp\/v2\/comments?post=3988"}],"wp:featuredmedia":[{"embeddable":true,"href":"https:\/\/lesgribouillisdarthur.fr\/index.php\/wp-json\/wp\/v2\/media\/3991"}],"wp:attachment":[{"href":"https:\/\/lesgribouillisdarthur.fr\/index.php\/wp-json\/wp\/v2\/media?parent=3988"}],"wp:term":[{"taxonomy":"product_brand","embeddable":true,"href":"https:\/\/lesgribouillisdarthur.fr\/index.php\/wp-json\/wp\/v2\/product_brand?post=3988"},{"taxonomy":"product_cat","embeddable":true,"href":"https:\/\/lesgribouillisdarthur.fr\/index.php\/wp-json\/wp\/v2\/product_cat?post=3988"},{"taxonomy":"product_tag","embeddable":true,"href":"https:\/\/lesgribouillisdarthur.fr\/index.php\/wp-json\/wp\/v2\/product_tag?post=3988"}],"curies":[{"name":"wp","href":"https:\/\/api.w.org\/{rel}","templated":true}]}}